{"id":17,"date":"2016-12-26T17:07:28","date_gmt":"2016-12-26T17:07:28","guid":{"rendered":"http:\/\/gbr.es\/?page_id=17"},"modified":"2018-09-29T08:08:54","modified_gmt":"2018-09-29T08:08:54","slug":"qui-som","status":"publish","type":"page","link":"http:\/\/gbr.es\/index.php\/qui-som\/","title":{"rendered":"Qui Som"},"content":{"rendered":"<h4><span style=\"color: #ffffff;\"><strong>GBR<\/strong> Arquitectes \u00e9s un despatx format per professionals <img loading=\"lazy\" decoding=\"async\" class=\"size-medium wp-image-107 alignright\" src=\"http:\/\/localhost\/gbr1\/wp-content\/uploads\/2016\/12\/estudi6-236x300.jpg\" alt=\"estudi6\" width=\"236\" height=\"300\" srcset=\"http:\/\/gbr.es\/wp-content\/uploads\/2016\/12\/estudi6-236x300.jpg 236w, http:\/\/gbr.es\/wp-content\/uploads\/2016\/12\/estudi6.jpg 341w\" sizes=\"auto, (max-width: 236px) 100vw, 236px\" \/>de l&#8217;arquitectura. Ens dediquem a la realitzaci\u00f3 de\u00a0projectes i obres amb uns mitjans tant humans com materials, preparats per donar el m\u00e0xim de resposta dins el m\u00f3n de l&#8217;arquitectura i l&#8217;urbanisme en tots els \u00e0mbits. Des de la redacci\u00f3 de projectes d&#8217;arquitectura i interiorisme passant per l&#8217;enginyeria de les instal\u00b7lacions fins la direcci\u00f3 t\u00e8cnica i econ\u00f2mica de les obres entre d&#8217;altres<\/span><\/h4>\n<p>&nbsp;<\/p>\n<p>&nbsp;<\/p>\n<p>&nbsp;<\/p>\n<p>&nbsp;<\/p>\n<p>&nbsp;<\/p>\n<p>&nbsp;<\/p>\n<p>&nbsp;<\/p>\n<p>&nbsp;<\/p>\n<p>&nbsp;<\/p>\n<p>&nbsp;<\/p>\n<p>&nbsp;<\/p>\n<p>&nbsp;<\/p>\n<p>&nbsp;<\/p>\n","protected":false},"excerpt":{"rendered":"<p>GBR Arquitectes \u00e9s un despatx format per professionals de l&#8217;arquitectura. Ens dediquem a la realitzaci\u00f3 de\u00a0projectes i obres amb uns mitjans tant humans com materials, preparats per donar el m\u00e0xim de resposta dins el m\u00f3n de l&#8217;arquitectura i l&#8217;urbanisme en tots els \u00e0mbits. Des de la redacci\u00f3 de projectes d&#8217;arquitectura i interiorisme passant per l&#8217;enginyeria [&hellip;]<\/p>\n","protected":false},"author":1,"featured_media":0,"parent":0,"menu_order":0,"comment_status":"closed","ping_status":"closed","template":"","meta":{"footnotes":""},"class_list":["post-17","page","type-page","status-publish","hentry"],"aioseo_notices":[],"_links":{"self":[{"href":"http:\/\/gbr.es\/index.php\/wp-json\/wp\/v2\/pages\/17","targetHints":{"allow":["GET"]}}],"collection":[{"href":"http:\/\/gbr.es\/index.php\/wp-json\/wp\/v2\/pages"}],"about":[{"href":"http:\/\/gbr.es\/index.php\/wp-json\/wp\/v2\/types\/page"}],"author":[{"embeddable":true,"href":"http:\/\/gbr.es\/index.php\/wp-json\/wp\/v2\/users\/1"}],"replies":[{"embeddable":true,"href":"http:\/\/gbr.es\/index.php\/wp-json\/wp\/v2\/comments?post=17"}],"version-history":[{"count":15,"href":"http:\/\/gbr.es\/index.php\/wp-json\/wp\/v2\/pages\/17\/revisions"}],"predecessor-version":[{"id":125,"href":"http:\/\/gbr.es\/index.php\/wp-json\/wp\/v2\/pages\/17\/revisions\/125"}],"wp:attachment":[{"href":"http:\/\/gbr.es\/index.php\/wp-json\/wp\/v2\/media?parent=17"}],"curies":[{"name":"wp","href":"https:\/\/api.w.org\/{rel}","templated":true}]}}